{"id":12627,"date":"2026-05-10T15:51:28","date_gmt":"2026-05-10T13:51:28","guid":{"rendered":"https:\/\/anr82.fr\/?page_id=12627"},"modified":"2026-05-10T15:51:29","modified_gmt":"2026-05-10T13:51:29","slug":"convivialite-journee-plein-air","status":"publish","type":"page","link":"https:\/\/anr82.fr\/index.php\/programme\/convivialite-journee-plein-air\/","title":{"rendered":"CONVIVIALITE : Journ\u00e9e \u00ab\u00a0Plein-Air\u00a0\u00bb"},"content":{"rendered":"<div class=\"ditty ditty--pre\" data-id=\"4482\" data-uniqid=\"ditty-6a01c982c712a\" data-display=\"6387\" data-display_settings=\"{}\" data-ajax_load=\"1\"><\/div>\n\n\n<h2 class=\"wp-block-heading alignwide has-background\" style=\"background-color:#91c67657;padding-top:var(--wp--preset--spacing--20);padding-bottom:var(--wp--preset--spacing--20);font-size:16px\">Date limite d&rsquo;inscription : <strong>10\/06\/2026<\/strong><\/h2>\n\n\n\n<p><strong>Ch\u00e8res adh\u00e9rentes et chers adh\u00e9rents \u00e0 l&rsquo;ANR82, Groupe Tarn-et-Garonne<\/strong>,<br><br>La Journ\u00e9e \u00ab&nbsp;<strong>Plein Air<\/strong>&nbsp;\u00bb aura lieu cette ann\u00e9e<strong>&nbsp;<\/strong>le&nbsp;<strong><span style=\"text-decoration: underline;\">Mardi 23 Juin 2026<\/span> \u00e0 la salle des<\/strong> <strong>F\u00eates de BIOULE (Place de l&rsquo;\u00c9glise).<\/strong><\/p>\n\n\n\n<p>Pour les marcheurs les plus courageux : d\u00e9part d&rsquo;Eurythmie \u00e0 8h pr\u00e9cises (covoiturage possible) ou rendez-vous \u00e0 8h45 \u00e0 Bioule. <br><strong>D\u00e9part de la marche \u00e0 9h<\/strong>.<br>Les autres marcheurs seront accompagn\u00e9s par Jean-Michel : regroupement pr\u00e9vu vers 10h30 pour un circuit \u00e0 la rencontre des premiers partis.<\/p>\n\n\n\n<p>Munissez-vous de bonnes chaussures, b\u00e2tons, eau ou autre, selon vos besoins.<\/p>\n\n\n\n<p>Pour tous les inscrits, rendez-vous vers <strong><span style=\"text-decoration: underline;\">12h30<\/span><\/strong> \u00e0 la salle des F\u00eates pour le repas.<\/p>\n\n\n\n<p><strong>IMPORTANT<\/strong>&nbsp;:<\/p>\n\n\n\n<ul class=\"wp-block-list\">\n<li>n&rsquo;oubliez pas de porter vos assiettes, couverts, verres.<\/li>\n\n\n\n<li>pri\u00e8re de se garer au <a href=\"https:\/\/anr82.fr\/wp-content\/uploads\/2026\/05\/Salle-des-fetes-de-Bioule.jpg\" type=\"link\" id=\"https:\/\/anr82.fr\/wp-content\/uploads\/2026\/05\/Salle-des-fetes-de-Bioule.jpg\" data-rel=\"lightbox-image-0\" data-rl_title=\"Salle des f\u00eates de Bioule\" data-rl_caption=\"\" title=\"Salle des f\u00eates de Bioule\">Parking du Pigeonnier<\/a>, rue du 19 mars 1962.<\/li>\n<\/ul>\n\n\n\n<p>L&rsquo;apr\u00e8s-midi : p\u00e9tanque, scrabble, jeux de cartes, jeux de soci\u00e9t\u00e9,&#8230;.que vous penserez \u00e0 prendre avec vous.<\/p>\n\n\n\n<p>En esp\u00e9rant que vous viendrez aussi nombreux que les ann\u00e9es pr\u00e9c\u00e9dentes, nous vous adressons nos salutations amicales.<\/p>\n\n\n\n<details class=\"wp-block-details has-accent-color has-text-color has-link-color wp-elements-07192ae70cc8c734ec1ae8a03f136812 is-layout-flow wp-container-core-details-is-layout-8a368f38 wp-block-details-is-layout-flow\" style=\"border-style:none;border-width:0px;font-style:normal;font-weight:300\"><summary>\u2192 Plan d&rsquo;acc\u00e8s (cliquer pour afficher la carte).<\/summary>\n<p><\/p>\n\n\n\n<figure data-wp-context=\"{&quot;imageId&quot;:&quot;6a01c982ca251&quot;}\" data-wp-interactive=\"core\/image\" data-wp-key=\"6a01c982ca251\" class=\"wp-block-image size-large wp-lightbox-container\" id=\"wp-block-themeisle-blocks-image-80ab1749\"><img loading=\"lazy\" decoding=\"async\" width=\"1024\" height=\"683\" data-wp-class--hide=\"state.isContentHidden\" data-wp-class--show=\"state.isContentVisible\" data-wp-init=\"callbacks.setButtonStyles\" data-wp-on--click=\"actions.showLightbox\" data-wp-on--load=\"callbacks.setButtonStyles\" data-wp-on-window--resize=\"callbacks.setButtonStyles\" src=\"https:\/\/anr82.fr\/wp-content\/uploads\/2026\/05\/Salle-des-fetes-de-Bioule-1024x683.jpg\" alt=\"\" class=\"wp-image-12634\" srcset=\"https:\/\/anr82.fr\/wp-content\/uploads\/2026\/05\/Salle-des-fetes-de-Bioule-1024x683.jpg 1024w, https:\/\/anr82.fr\/wp-content\/uploads\/2026\/05\/Salle-des-fetes-de-Bioule-300x200.jpg 300w, https:\/\/anr82.fr\/wp-content\/uploads\/2026\/05\/Salle-des-fetes-de-Bioule-768x512.jpg 768w, https:\/\/anr82.fr\/wp-content\/uploads\/2026\/05\/Salle-des-fetes-de-Bioule-1536x1024.jpg 1536w, https:\/\/anr82.fr\/wp-content\/uploads\/2026\/05\/Salle-des-fetes-de-Bioule-2048x1365.jpg 2048w, https:\/\/anr82.fr\/wp-content\/uploads\/2026\/05\/Salle-des-fetes-de-Bioule-360x240.jpg 360w\" sizes=\"auto, (max-width: 1024px) 100vw, 1024px\" \/><button\n\t\t\tclass=\"lightbox-trigger\"\n\t\t\ttype=\"button\"\n\t\t\taria-haspopup=\"dialog\"\n\t\t\taria-label=\"Agrandir\"\n\t\t\tdata-wp-init=\"callbacks.initTriggerButton\"\n\t\t\tdata-wp-on--click=\"actions.showLightbox\"\n\t\t\tdata-wp-style--right=\"state.imageButtonRight\"\n\t\t\tdata-wp-style--top=\"state.imageButtonTop\"\n\t\t>\n\t\t\t<svg xmlns=\"http:\/\/www.w3.org\/2000\/svg\" width=\"12\" height=\"12\" fill=\"none\" viewBox=\"0 0 12 12\">\n\t\t\t\t<path fill=\"#fff\" d=\"M2 0a2 2 0 0 0-2 2v2h1.5V2a.5.5 0 0 1 .5-.5h2V0H2Zm2 10.5H2a.5.5 0 0 1-.5-.5V8H0v2a2 2 0 0 0 2 2h2v-1.5ZM8 12v-1.5h2a.5.5 0 0 0 .5-.5V8H12v2a2 2 0 0 1-2 2H8Zm2-12a2 2 0 0 1 2 2v2h-1.5V2a.5.5 0 0 0-.5-.5H8V0h2Z\" \/>\n\t\t\t<\/svg>\n\t\t<\/button><\/figure>\n<\/details>\n\n\n\n<div id=\"wp-block-themeisle-blocks-button-group-8b2fb4a6\" class=\"wp-block-themeisle-blocks-button-group wp-block-buttons align-center-desktop\">\n<div id=\"wp-block-themeisle-blocks-button-02166088\" class=\"wp-block-themeisle-blocks-button wp-block-button  is-style-outline\"><a href=\"https:\/\/anr82.fr\/index.php\/programme\/\" target=\"_self\" rel=\"noopener noreferrer\" class=\"wp-block-button__link\"><i class=\"fas fa-fw fa-chevron-left margin-right\"><\/i><span>Retourner \u00e0 l&rsquo;agenda&#8230;<\/span><\/a><\/div>\n\n\n\n<div id=\"wp-block-themeisle-blocks-button-aed6d5d3\" class=\"wp-block-themeisle-blocks-button wp-block-button  is-style-outline\"><a href=\"https:\/\/anr82.fr\/index.php\/demander-des-documents\/\" target=\"_self\" rel=\"noopener noreferrer\" class=\"wp-block-button__link\"><span>Demander la circulaire&#8230;<\/span><i class=\"fas fa-fw fa-chevron-right margin-left\"><\/i><\/a><\/div>\n<\/div>\n\n\n\n<div style=\"height:39px\" aria-hidden=\"true\" class=\"wp-block-spacer\"><\/div>\n\n\n<div class=\"ditty ditty--pre\" data-id=\"4482\" data-uniqid=\"ditty-6a01c982cae3f\" data-display=\"6387\" data-display_settings=\"{}\" data-ajax_load=\"1\"><\/div>\n\n\n<div style=\"height:39px\" aria-hidden=\"true\" class=\"wp-block-spacer\"><\/div>\n","protected":false},"excerpt":{"rendered":"<p>Date limite d&rsquo;inscription : 10\/06\/2026 Ch\u00e8res adh\u00e9rentes et chers adh\u00e9rents \u00e0 l&rsquo;ANR82, Groupe Tarn-et-Garonne, La Journ\u00e9e \u00ab&nbsp;Plein Air&nbsp;\u00bb aura lieu cette ann\u00e9e&nbsp;le&nbsp;Mardi 23 Juin 2026 \u00e0 la salle des F\u00eates de BIOULE (Place de l&rsquo;\u00c9glise). Pour les marcheurs les plus courageux : d\u00e9part d&rsquo;Eurythmie \u00e0 8h pr\u00e9cises (covoiturage possible) ou [&hellip;]<\/p>\n","protected":false},"author":2,"featured_media":0,"parent":2257,"menu_order":0,"comment_status":"closed","ping_status":"closed","template":"page-templates\/template-fullwidth.php","meta":{"_bbp_topic_count":0,"_bbp_reply_count":0,"_bbp_total_topic_count":0,"_bbp_total_reply_count":0,"_bbp_voice_count":0,"_bbp_anonymous_reply_count":0,"_bbp_topic_count_hidden":0,"_bbp_reply_count_hidden":0,"_bbp_forum_subforum_count":0,"_themeisle_gutenberg_block_has_review":false,"footnotes":""},"class_list":["post-12627","page","type-page","status-publish","hentry"],"yoast_head":"<!-- This site is optimized with the Yoast SEO plugin v27.5 - https:\/\/yoast.com\/product\/yoast-seo-wordpress\/ -->\n<title>CONVIVIALITE : Journ\u00e9e &quot;Plein-Air&quot; - Groupe Tarn &amp; Garonne<\/title>\n<meta name=\"robots\" content=\"index, follow, max-snippet:-1, max-image-preview:large, max-video-preview:-1\" \/>\n<link rel=\"canonical\" href=\"https:\/\/anr82.fr\/index.php\/programme\/convivialite-journee-plein-air\/\" \/>\n<meta property=\"og:locale\" content=\"fr_FR\" \/>\n<meta property=\"og:type\" content=\"article\" \/>\n<meta property=\"og:title\" content=\"CONVIVIALITE : Journ\u00e9e &quot;Plein-Air&quot; - Groupe Tarn &amp; Garonne\" \/>\n<meta property=\"og:description\" content=\"Date limite d&rsquo;inscription : 10\/06\/2026 Ch\u00e8res adh\u00e9rentes et chers adh\u00e9rents \u00e0 l&rsquo;ANR82, Groupe Tarn-et-Garonne, La Journ\u00e9e \u00ab&nbsp;Plein Air&nbsp;\u00bb aura lieu cette ann\u00e9e&nbsp;le&nbsp;Mardi 23 Juin 2026 \u00e0 la salle des F\u00eates de BIOULE (Place de l&rsquo;\u00c9glise). Pour les marcheurs les plus courageux : d\u00e9part d&rsquo;Eurythmie \u00e0 8h pr\u00e9cises (covoiturage possible) ou [&hellip;]\" \/>\n<meta property=\"og:url\" content=\"https:\/\/anr82.fr\/index.php\/programme\/convivialite-journee-plein-air\/\" \/>\n<meta property=\"og:site_name\" content=\"Groupe Tarn &amp; Garonne\" \/>\n<meta property=\"article:modified_time\" content=\"2026-05-10T13:51:29+00:00\" \/>\n<meta property=\"og:image\" content=\"https:\/\/anr82.fr\/wp-content\/uploads\/2026\/05\/Salle-des-fetes-de-Bioule.jpg\" \/>\n\t<meta property=\"og:image:width\" content=\"2400\" \/>\n\t<meta property=\"og:image:height\" content=\"1600\" \/>\n\t<meta property=\"og:image:type\" content=\"image\/jpeg\" \/>\n<meta name=\"twitter:card\" content=\"summary_large_image\" \/>\n<meta name=\"twitter:label1\" content=\"Dur\u00e9e de lecture estim\u00e9e\" \/>\n\t<meta name=\"twitter:data1\" content=\"2 minutes\" \/>\n<script type=\"application\/ld+json\" class=\"yoast-schema-graph\">{\"@context\":\"https:\\\/\\\/schema.org\",\"@graph\":[{\"@type\":\"WebPage\",\"@id\":\"https:\\\/\\\/anr82.fr\\\/index.php\\\/programme\\\/convivialite-journee-plein-air\\\/\",\"url\":\"https:\\\/\\\/anr82.fr\\\/index.php\\\/programme\\\/convivialite-journee-plein-air\\\/\",\"name\":\"CONVIVIALITE : Journ\u00e9e \\\"Plein-Air\\\" - Groupe Tarn &amp; Garonne\",\"isPartOf\":{\"@id\":\"https:\\\/\\\/anr82.fr\\\/#website\"},\"primaryImageOfPage\":{\"@id\":\"https:\\\/\\\/anr82.fr\\\/index.php\\\/programme\\\/convivialite-journee-plein-air\\\/#primaryimage\"},\"image\":{\"@id\":\"https:\\\/\\\/anr82.fr\\\/index.php\\\/programme\\\/convivialite-journee-plein-air\\\/#primaryimage\"},\"thumbnailUrl\":\"https:\\\/\\\/anr82.fr\\\/wp-content\\\/uploads\\\/2026\\\/05\\\/Salle-des-fetes-de-Bioule-1024x683.jpg\",\"datePublished\":\"2026-05-10T13:51:28+00:00\",\"dateModified\":\"2026-05-10T13:51:29+00:00\",\"breadcrumb\":{\"@id\":\"https:\\\/\\\/anr82.fr\\\/index.php\\\/programme\\\/convivialite-journee-plein-air\\\/#breadcrumb\"},\"inLanguage\":\"fr-FR\",\"potentialAction\":[{\"@type\":\"ReadAction\",\"target\":[\"https:\\\/\\\/anr82.fr\\\/index.php\\\/programme\\\/convivialite-journee-plein-air\\\/\"]}]},{\"@type\":\"ImageObject\",\"inLanguage\":\"fr-FR\",\"@id\":\"https:\\\/\\\/anr82.fr\\\/index.php\\\/programme\\\/convivialite-journee-plein-air\\\/#primaryimage\",\"url\":\"https:\\\/\\\/anr82.fr\\\/wp-content\\\/uploads\\\/2026\\\/05\\\/Salle-des-fetes-de-Bioule.jpg\",\"contentUrl\":\"https:\\\/\\\/anr82.fr\\\/wp-content\\\/uploads\\\/2026\\\/05\\\/Salle-des-fetes-de-Bioule.jpg\",\"width\":2400,\"height\":1600},{\"@type\":\"BreadcrumbList\",\"@id\":\"https:\\\/\\\/anr82.fr\\\/index.php\\\/programme\\\/convivialite-journee-plein-air\\\/#breadcrumb\",\"itemListElement\":[{\"@type\":\"ListItem\",\"position\":1,\"name\":\"Accueil\",\"item\":\"https:\\\/\\\/anr82.fr\\\/\"},{\"@type\":\"ListItem\",\"position\":2,\"name\":\"AGENDA\",\"item\":\"https:\\\/\\\/anr82.fr\\\/index.php\\\/programme\\\/\"},{\"@type\":\"ListItem\",\"position\":3,\"name\":\"CONVIVIALITE : Journ\u00e9e \u00ab\u00a0Plein-Air\u00a0\u00bb\"}]},{\"@type\":\"WebSite\",\"@id\":\"https:\\\/\\\/anr82.fr\\\/#website\",\"url\":\"https:\\\/\\\/anr82.fr\\\/\",\"name\":\"Groupe Tarn &amp; Garonne\",\"description\":\"Solidarit\u00e9, aide, convivialit\u00e9, partage...\",\"publisher\":{\"@id\":\"https:\\\/\\\/anr82.fr\\\/#organization\"},\"potentialAction\":[{\"@type\":\"SearchAction\",\"target\":{\"@type\":\"EntryPoint\",\"urlTemplate\":\"https:\\\/\\\/anr82.fr\\\/?s={search_term_string}\"},\"query-input\":{\"@type\":\"PropertyValueSpecification\",\"valueRequired\":true,\"valueName\":\"search_term_string\"}}],\"inLanguage\":\"fr-FR\"},{\"@type\":\"Organization\",\"@id\":\"https:\\\/\\\/anr82.fr\\\/#organization\",\"name\":\"Association Nationale de Retrait\u00e9s Groupe Tarn et Garonne\",\"url\":\"https:\\\/\\\/anr82.fr\\\/\",\"logo\":{\"@type\":\"ImageObject\",\"inLanguage\":\"fr-FR\",\"@id\":\"https:\\\/\\\/anr82.fr\\\/#\\\/schema\\\/logo\\\/image\\\/\",\"url\":\"https:\\\/\\\/anr82.fr\\\/wp-content\\\/uploads\\\/2020\\\/04\\\/cropped-Logo-ANR82-02-2.jpg\",\"contentUrl\":\"https:\\\/\\\/anr82.fr\\\/wp-content\\\/uploads\\\/2020\\\/04\\\/cropped-Logo-ANR82-02-2.jpg\",\"width\":500,\"height\":100,\"caption\":\"Association Nationale de Retrait\u00e9s Groupe Tarn et Garonne\"},\"image\":{\"@id\":\"https:\\\/\\\/anr82.fr\\\/#\\\/schema\\\/logo\\\/image\\\/\"}}]}<\/script>\n<!-- \/ Yoast SEO plugin. -->","yoast_head_json":{"title":"CONVIVIALITE : Journ\u00e9e \"Plein-Air\" - Groupe Tarn &amp; Garonne","robots":{"index":"index","follow":"follow","max-snippet":"max-snippet:-1","max-image-preview":"max-image-preview:large","max-video-preview":"max-video-preview:-1"},"canonical":"https:\/\/anr82.fr\/index.php\/programme\/convivialite-journee-plein-air\/","og_locale":"fr_FR","og_type":"article","og_title":"CONVIVIALITE : Journ\u00e9e \"Plein-Air\" - Groupe Tarn &amp; Garonne","og_description":"Date limite d&rsquo;inscription : 10\/06\/2026 Ch\u00e8res adh\u00e9rentes et chers adh\u00e9rents \u00e0 l&rsquo;ANR82, Groupe Tarn-et-Garonne, La Journ\u00e9e \u00ab&nbsp;Plein Air&nbsp;\u00bb aura lieu cette ann\u00e9e&nbsp;le&nbsp;Mardi 23 Juin 2026 \u00e0 la salle des F\u00eates de BIOULE (Place de l&rsquo;\u00c9glise). Pour les marcheurs les plus courageux : d\u00e9part d&rsquo;Eurythmie \u00e0 8h pr\u00e9cises (covoiturage possible) ou [&hellip;]","og_url":"https:\/\/anr82.fr\/index.php\/programme\/convivialite-journee-plein-air\/","og_site_name":"Groupe Tarn &amp; Garonne","article_modified_time":"2026-05-10T13:51:29+00:00","og_image":[{"width":2400,"height":1600,"url":"https:\/\/anr82.fr\/wp-content\/uploads\/2026\/05\/Salle-des-fetes-de-Bioule.jpg","type":"image\/jpeg"}],"twitter_card":"summary_large_image","twitter_misc":{"Dur\u00e9e de lecture estim\u00e9e":"2 minutes"},"schema":{"@context":"https:\/\/schema.org","@graph":[{"@type":"WebPage","@id":"https:\/\/anr82.fr\/index.php\/programme\/convivialite-journee-plein-air\/","url":"https:\/\/anr82.fr\/index.php\/programme\/convivialite-journee-plein-air\/","name":"CONVIVIALITE : Journ\u00e9e \"Plein-Air\" - Groupe Tarn &amp; Garonne","isPartOf":{"@id":"https:\/\/anr82.fr\/#website"},"primaryImageOfPage":{"@id":"https:\/\/anr82.fr\/index.php\/programme\/convivialite-journee-plein-air\/#primaryimage"},"image":{"@id":"https:\/\/anr82.fr\/index.php\/programme\/convivialite-journee-plein-air\/#primaryimage"},"thumbnailUrl":"https:\/\/anr82.fr\/wp-content\/uploads\/2026\/05\/Salle-des-fetes-de-Bioule-1024x683.jpg","datePublished":"2026-05-10T13:51:28+00:00","dateModified":"2026-05-10T13:51:29+00:00","breadcrumb":{"@id":"https:\/\/anr82.fr\/index.php\/programme\/convivialite-journee-plein-air\/#breadcrumb"},"inLanguage":"fr-FR","potentialAction":[{"@type":"ReadAction","target":["https:\/\/anr82.fr\/index.php\/programme\/convivialite-journee-plein-air\/"]}]},{"@type":"ImageObject","inLanguage":"fr-FR","@id":"https:\/\/anr82.fr\/index.php\/programme\/convivialite-journee-plein-air\/#primaryimage","url":"https:\/\/anr82.fr\/wp-content\/uploads\/2026\/05\/Salle-des-fetes-de-Bioule.jpg","contentUrl":"https:\/\/anr82.fr\/wp-content\/uploads\/2026\/05\/Salle-des-fetes-de-Bioule.jpg","width":2400,"height":1600},{"@type":"BreadcrumbList","@id":"https:\/\/anr82.fr\/index.php\/programme\/convivialite-journee-plein-air\/#breadcrumb","itemListElement":[{"@type":"ListItem","position":1,"name":"Accueil","item":"https:\/\/anr82.fr\/"},{"@type":"ListItem","position":2,"name":"AGENDA","item":"https:\/\/anr82.fr\/index.php\/programme\/"},{"@type":"ListItem","position":3,"name":"CONVIVIALITE : Journ\u00e9e \u00ab\u00a0Plein-Air\u00a0\u00bb"}]},{"@type":"WebSite","@id":"https:\/\/anr82.fr\/#website","url":"https:\/\/anr82.fr\/","name":"Groupe Tarn &amp; Garonne","description":"Solidarit\u00e9, aide, convivialit\u00e9, partage...","publisher":{"@id":"https:\/\/anr82.fr\/#organization"},"potentialAction":[{"@type":"SearchAction","target":{"@type":"EntryPoint","urlTemplate":"https:\/\/anr82.fr\/?s={search_term_string}"},"query-input":{"@type":"PropertyValueSpecification","valueRequired":true,"valueName":"search_term_string"}}],"inLanguage":"fr-FR"},{"@type":"Organization","@id":"https:\/\/anr82.fr\/#organization","name":"Association Nationale de Retrait\u00e9s Groupe Tarn et Garonne","url":"https:\/\/anr82.fr\/","logo":{"@type":"ImageObject","inLanguage":"fr-FR","@id":"https:\/\/anr82.fr\/#\/schema\/logo\/image\/","url":"https:\/\/anr82.fr\/wp-content\/uploads\/2020\/04\/cropped-Logo-ANR82-02-2.jpg","contentUrl":"https:\/\/anr82.fr\/wp-content\/uploads\/2020\/04\/cropped-Logo-ANR82-02-2.jpg","width":500,"height":100,"caption":"Association Nationale de Retrait\u00e9s Groupe Tarn et Garonne"},"image":{"@id":"https:\/\/anr82.fr\/#\/schema\/logo\/image\/"}}]}},"_links":{"self":[{"href":"https:\/\/anr82.fr\/index.php\/wp-json\/wp\/v2\/pages\/12627","targetHints":{"allow":["GET"]}}],"collection":[{"href":"https:\/\/anr82.fr\/index.php\/wp-json\/wp\/v2\/pages"}],"about":[{"href":"https:\/\/anr82.fr\/index.php\/wp-json\/wp\/v2\/types\/page"}],"author":[{"embeddable":true,"href":"https:\/\/anr82.fr\/index.php\/wp-json\/wp\/v2\/users\/2"}],"replies":[{"embeddable":true,"href":"https:\/\/anr82.fr\/index.php\/wp-json\/wp\/v2\/comments?post=12627"}],"version-history":[{"count":10,"href":"https:\/\/anr82.fr\/index.php\/wp-json\/wp\/v2\/pages\/12627\/revisions"}],"predecessor-version":[{"id":12638,"href":"https:\/\/anr82.fr\/index.php\/wp-json\/wp\/v2\/pages\/12627\/revisions\/12638"}],"up":[{"embeddable":true,"href":"https:\/\/anr82.fr\/index.php\/wp-json\/wp\/v2\/pages\/2257"}],"wp:attachment":[{"href":"https:\/\/anr82.fr\/index.php\/wp-json\/wp\/v2\/media?parent=12627"}],"curies":[{"name":"wp","href":"https:\/\/api.w.org\/{rel}","templated":true}]}}