{"id":7985,"date":"2024-12-20T21:27:52","date_gmt":"2024-12-20T20:27:52","guid":{"rendered":"https:\/\/anr82.fr\/?page_id=7985"},"modified":"2025-11-09T20:44:12","modified_gmt":"2025-11-09T19:44:12","slug":"formulaire-de-contact","status":"publish","type":"page","link":"https:\/\/anr82.fr\/index.php\/formulaire-de-contact\/","title":{"rendered":"Formulaire de contact"},"content":{"rendered":"\n<p style=\"font-style:normal;font-weight:200\">Vous d\u00e9couvrez l&rsquo;ANR et souhaitez obtenir des informations sur notre association, son fonctionnement, ses activit\u00e9s, ses engagements&#8230;<br>Vous \u00eates d\u00e9j\u00e0 adh\u00e9rent \u00e0 l&rsquo;ANR82 et avez besoin de renseignements ou de poser des questions&#8230;<br>Vous rencontrez des probl\u00e8mes avec le fonctionnement du site, vous souhaitez signaler un dysfonctionnement, une erreur&#8230;<br><br>Et pour toutes les autres questions que vous vous posez n&rsquo;h\u00e9sitez pas \u00e0 utiliser ce formulaire pour obtenir une r\u00e9ponse. Il est fait pour vous. <br><br>Votre message sera re\u00e7u et \u00e9tudi\u00e9 par un dirigeant de l&rsquo;association ANR82 qui s&rsquo;engage \u00e0 vous r\u00e9pondre dans les plus brefs d\u00e9lais.<br><br>Merci pour votre visite sur le site de l&rsquo;ANR82.<\/p>\n\n\n\n<p style=\"font-style:normal;font-weight:200\"><strong>Les informations transmises et demandes formul\u00e9es resteront strictement confidentielles.<\/strong><\/p>\n\n\n\n<hr class=\"wp-block-separator has-alpha-channel-opacity\"\/>\n\n\n\n<div style=\"height:16px\" aria-hidden=\"true\" class=\"wp-block-spacer\"><\/div>\n\n\n\n<div id=\"wp-block-themeisle-blocks-advanced-columns-596f07df\" class=\"wp-block-themeisle-blocks-advanced-columns has-1-columns has-desktop-equal-layout has-tablet-equal-layout has-mobile-equal-layout has-vertical-unset\"><div class=\"wp-block-themeisle-blocks-advanced-columns-overlay\"><\/div><div class=\"innerblocks-wrap\">\n<div id=\"wp-block-themeisle-blocks-advanced-column-b096ad79\" class=\"wp-block-themeisle-blocks-advanced-column has-light-bg\"><div class=\"wpforms-container wpforms-container-full wpforms-block wpforms-block-998ae700-7a0f-4336-a60b-8c3099388d78\" id=\"wpforms-6588\"><form id=\"wpforms-form-6588\" class=\"wpforms-validate wpforms-form wpforms-ajax-form\" data-formid=\"6588\" method=\"post\" enctype=\"multipart\/form-data\" action=\"\/index.php\/wp-json\/wp\/v2\/pages\/7985\" data-token=\"744aeeb35f51a99b28fa36239b493438\" data-token-time=\"1777041581\"><div class=\"wpforms-head-container\"><div class=\"wpforms-description\">Formulaire de contact pour les visiteurs du site. Tous les champs avec * sont requis.<\/div><\/div><noscript class=\"wpforms-error-noscript\">Veuillez activer JavaScript dans votre navigateur pour remplir ce formulaire.<\/noscript><div class=\"wpforms-field-container\">\t\t<div id=\"wpforms-6588-field_1-container\"\n\t\t\tclass=\"wpforms-field wpforms-field-text\"\n\t\t\tdata-field-type=\"text\"\n\t\t\tdata-field-id=\"1\"\n\t\t\t>\n\t\t\t<label class=\"wpforms-field-label\" for=\"wpforms-6588-field_1\" >Votre votre Genre<\/label>\n\t\t\t<input type=\"text\" id=\"wpforms-6588-field_1\" class=\"wpforms-field-medium\" name=\"wpforms[fields][1]\" >\n\t\t<\/div>\n\t\t<div id=\"wpforms-6588-field_15-container\" class=\"wpforms-field wpforms-field-radio wpforms-list-inline\" data-field-id=\"15\"><label class=\"wpforms-field-label wpforms-label-hide\">Genre <span class=\"wpforms-required-label\">*<\/span><\/label><ul id=\"wpforms-6588-field_15\" class=\"wpforms-field-required\"><li class=\"choice-1 depth-1\"><input type=\"radio\" id=\"wpforms-6588-field_15_1\" name=\"wpforms[fields][15]\" value=\"Monsieur\" required ><label class=\"wpforms-field-label-inline\" for=\"wpforms-6588-field_15_1\">Monsieur<\/label><\/li><li class=\"choice-2 depth-1\"><input type=\"radio\" id=\"wpforms-6588-field_15_2\" name=\"wpforms[fields][15]\" value=\"Madame\" required ><label class=\"wpforms-field-label-inline\" for=\"wpforms-6588-field_15_2\">Madame<\/label><\/li><li class=\"choice-3 depth-1\"><input type=\"radio\" id=\"wpforms-6588-field_15_3\" name=\"wpforms[fields][15]\" value=\"Non pr\u00e9cis\u00e9\" required ><label class=\"wpforms-field-label-inline\" for=\"wpforms-6588-field_15_3\">Non pr\u00e9cis\u00e9<\/label><\/li><\/ul><\/div><div id=\"wpforms-6588-field_0-container\" class=\"wpforms-field wpforms-field-name wpforms-first\" data-field-id=\"0\"><label class=\"wpforms-field-label\">Vos Pr\u00e9nom &amp; Nom <span class=\"wpforms-required-label\">*<\/span><\/label><div class=\"wpforms-field-row wpforms-field-large\"><div class=\"wpforms-field-row-block wpforms-first wpforms-one-half\"><input type=\"text\" id=\"wpforms-6588-field_0\" class=\"wpforms-field-name-first wpforms-field-required\" name=\"wpforms[fields][0][first]\" placeholder=\"Cmoi\" required><label for=\"wpforms-6588-field_0\" class=\"wpforms-field-sublabel after\">Pr\u00e9nom<\/label><\/div><div class=\"wpforms-field-row-block wpforms-one-half\"><input type=\"text\" id=\"wpforms-6588-field_0-last\" class=\"wpforms-field-name-last wpforms-field-required\" name=\"wpforms[fields][0][last]\" placeholder=\"Leplubot\" required><label for=\"wpforms-6588-field_0-last\" class=\"wpforms-field-sublabel after\">Nom<\/label><\/div><\/div><\/div><div id=\"wpforms-6588-field_11-container\" class=\"wpforms-field wpforms-field-radio wpforms-list-inline\" data-field-id=\"11\"><label class=\"wpforms-field-label\">Adh\u00e9rent ANR82 <span class=\"wpforms-required-label\">*<\/span><\/label><ul id=\"wpforms-6588-field_11\" class=\"wpforms-field-required wpforms-icon-choices wpforms-icon-choices-default wpforms-icon-choices-small\" style=\"--wpforms-icon-choices-color: #0399ed;\"><li class=\"choice-1 depth-1 wpforms-icon-choices-item\"><label class=\"wpforms-field-label-inline\" for=\"wpforms-6588-field_11_1\">\n\t\t\t\t<span class=\"wpforms-icon-choices-icon\">\n\t\t\t\t\t<svg xmlns=\"http:\/\/www.w3.org\/2000\/svg\" width=\"40\" height=\"32\" viewBox=\"0 0 512 512\"><!--! Font Awesome Free 6.4.0 by @fontawesome - https:\/\/fontawesome.com License - https:\/\/fontawesome.com\/license\/free (Icons: CC BY 4.0, Fonts: SIL OFL 1.1, Code: MIT License) Copyright 2023 Fonticons, Inc. --><path d=\"M464 256A208 208 0 1 0 48 256a208 208 0 1 0 416 0zM0 256a256 256 0 1 1 512 0A256 256 0 1 1 0 256zm177.6 62.1C192.8 334.5 218.8 352 256 352s63.2-17.5 78.4-33.9c9-9.7 24.2-10.4 33.9-1.4s10.4 24.2 1.4 33.9c-22 23.8-60 49.4-113.6 49.4s-91.7-25.5-113.6-49.4c-9-9.7-8.4-24.9 1.4-33.9s24.9-8.4 33.9 1.4zM144.4 208a32 32 0 1 1 64 0 32 32 0 1 1 -64 0zm192-32a32 32 0 1 1 0 64 32 32 0 1 1 0-64z\"\/><\/svg>\n\t\t\t\t\t<span class=\"wpforms-icon-choices-icon-bg\"><\/span>\n\t\t\t\t<\/span>\n\t\t\t\t<input type=\"radio\" id=\"wpforms-6588-field_11_1\" class=\"wpforms-screen-reader-element\" name=\"wpforms[fields][11]\" value=\"Oui\" required >\n\t\t\t\t<span class=\"wpforms-icon-choices-label\">Oui<\/span>\n\t\t\t<\/label><\/li><li class=\"choice-2 depth-1 wpforms-icon-choices-item\"><label class=\"wpforms-field-label-inline\" for=\"wpforms-6588-field_11_2\">\n\t\t\t\t<span class=\"wpforms-icon-choices-icon\">\n\t\t\t\t\t<svg xmlns=\"http:\/\/www.w3.org\/2000\/svg\" width=\"40\" height=\"32\" viewBox=\"0 0 512 512\"><!--! Font Awesome Free 6.4.0 by @fontawesome - https:\/\/fontawesome.com License - https:\/\/fontawesome.com\/license\/free (Icons: CC BY 4.0, Fonts: SIL OFL 1.1, Code: MIT License) Copyright 2023 Fonticons, Inc. --><path d=\"M175.9 448c-35-.1-65.5-22.6-76-54.6C67.6 356.8 48 308.7 48 256C48 141.1 141.1 48 256 48s208 93.1 208 208s-93.1 208-208 208c-28.4 0-55.5-5.7-80.1-16zM0 256a256 256 0 1 0 512 0A256 256 0 1 0 0 256zM128 369c0 26 21.5 47 48 47s48-21 48-47c0-20-28.4-60.4-41.6-77.7c-3.2-4.4-9.6-4.4-12.8 0C156.6 308.6 128 349 128 369zm128-65c-13.3 0-24 10.7-24 24s10.7 24 24 24c30.7 0 58.7 11.5 80 30.6c9.9 8.8 25 8 33.9-1.9s8-25-1.9-33.9C338.3 320.2 299 304 256 304zm47.6-96a32 32 0 1 0 64 0 32 32 0 1 0 -64 0zm-128 32a32 32 0 1 0 0-64 32 32 0 1 0 0 64z\"\/><\/svg>\n\t\t\t\t\t<span class=\"wpforms-icon-choices-icon-bg\"><\/span>\n\t\t\t\t<\/span>\n\t\t\t\t<input type=\"radio\" id=\"wpforms-6588-field_11_2\" class=\"wpforms-screen-reader-element\" name=\"wpforms[fields][11]\" value=\"Non\" required >\n\t\t\t\t<span class=\"wpforms-icon-choices-label\">Non<\/span>\n\t\t\t<\/label><\/li><\/ul><\/div><div id=\"wpforms-6588-field_14-container\" class=\"wpforms-field wpforms-field-text\" data-field-id=\"14\"><label class=\"wpforms-field-label\" for=\"wpforms-6588-field_14\">Votre N\u00b0 d&#039;adh\u00e9sion <span class=\"wpforms-required-label\">*<\/span><\/label><input type=\"text\" id=\"wpforms-6588-field_14\" class=\"wpforms-field-medium wpforms-field-required\" name=\"wpforms[fields][14]\" value=\"0\" placeholder=\"1234567\" required><div class=\"wpforms-field-description\">Si vous \u00eates adh\u00e9rent, veuillez saisir votre num\u00e9ro d&rsquo;adh\u00e9sion, sinon laissez la valeur par d\u00e9faut (0).<\/div><\/div><div id=\"wpforms-6588-field_3-container\" class=\"wpforms-field wpforms-field-email\" data-field-id=\"3\"><label class=\"wpforms-field-label\" for=\"wpforms-6588-field_3\">Votre Email <span class=\"wpforms-required-label\">*<\/span><\/label><input type=\"email\" id=\"wpforms-6588-field_3\" class=\"wpforms-field-large wpforms-field-required\" name=\"wpforms[fields][3]\" placeholder=\"xxx@yy.zz\" spellcheck=\"false\" required><div class=\"wpforms-field-description\">Votre Email nous permettra de vous apporter une r\u00e9ponse personalis\u00e9e dans les meilleurs d\u00e9lais.<\/div><\/div><div id=\"wpforms-6588-field_17-container\" class=\"wpforms-field wpforms-field-text\" data-field-id=\"17\"><label class=\"wpforms-field-label\" for=\"wpforms-6588-field_17\">T\u00e9l\u00e9phone<\/label><input type=\"text\" id=\"wpforms-6588-field_17\" class=\"wpforms-field-medium wpforms-masked-input\" data-rule-inputmask-incomplete=\"1\" data-inputmask-mask=\"99-99-99-99-99\" name=\"wpforms[fields][17]\" placeholder=\"06-xx-xx-...\" ><div class=\"wpforms-field-description\">Vous pouvez, si vous le d\u00e9sirez, laisser un num\u00e9ro de t\u00e9l\u00e9phone. Ce champ est facultatif<\/div><\/div><div id=\"wpforms-6588-field_12-container\" class=\"wpforms-field wpforms-field-select wpforms-field-select-style-modern\" data-field-id=\"12\"><label class=\"wpforms-field-label\" for=\"wpforms-6588-field_12\">Objet de votre demande <span class=\"wpforms-required-label\">*<\/span><\/label><select id=\"wpforms-6588-field_12\" class=\"wpforms-field-large wpforms-field-required choicesjs-select\" data-size-class=\"wpforms-field-row wpforms-field-large\" data-search-enabled=\"\" name=\"wpforms[fields][12]\" required=\"required\"><option value=\"\" class=\"placeholder\" disabled  selected='selected'>Choisissez dans la liste propos\u00e9e<\/option><option value=\"Adh\u00e9sion\"  class=\"choice-4 depth-1\"  >Adh\u00e9sion<\/option><option value=\"Erreur ou probl\u00e8me sur le site\"  class=\"choice-6 depth-1\"  >Erreur ou probl\u00e8me sur le site<\/option><option value=\"Propositions d&#039;\u00e9volution du site\"  class=\"choice-8 depth-1\"  >Propositions d&rsquo;\u00e9volution du site<\/option><option value=\"Autre demande\"  class=\"choice-7 depth-1\"  >Autre demande<\/option><\/select><\/div><div id=\"wpforms-6588-field_2-container\" class=\"wpforms-field wpforms-field-textarea\" data-field-id=\"2\"><label class=\"wpforms-field-label\" for=\"wpforms-6588-field_2\">Votre Message <span class=\"wpforms-required-label\">*<\/span><\/label><textarea id=\"wpforms-6588-field_2\" class=\"wpforms-field-medium wpforms-field-required\" name=\"wpforms[fields][2]\" placeholder=\"Dites-nous tout ici...\" required><\/textarea><\/div><div id=\"wpforms-6588-field_8-container\" class=\"wpforms-field wpforms-field-checkbox\" data-field-id=\"8\"><label class=\"wpforms-field-label\">Protection des donn\u00e9es personnelles <span class=\"wpforms-required-label\">*<\/span><\/label><ul id=\"wpforms-6588-field_8\" class=\"wpforms-field-required\"><li class=\"choice-1 depth-1\"><input type=\"checkbox\" id=\"wpforms-6588-field_8_1\" name=\"wpforms[fields][8][]\" value=\"J&#039;ai lu et j&#039;accepte les conditions d&#039;envoi du formulaire.\" required ><label class=\"wpforms-field-label-inline\" for=\"wpforms-6588-field_8_1\">J&rsquo;ai lu et j&rsquo;accepte les conditions d&rsquo;envoi du formulaire.<\/label><\/li><\/ul><div class=\"wpforms-field-description wpforms-disclaimer-description\">En envoyant ce formulaire j\u2019autorise l\u2019ANR (groupe 82 Tarn &amp; Garonne) \u00e0 utiliser mes informations personnelles et mon adresse \u00e9lectronique pour r\u00e9pondre \u00e0 ma demande.<br \/>\nJe suis inform\u00e9(e) que ces donn\u00e9es \u00e0 l\u2019usage exclusif de l\u2019ANR82 dans le cadre d\u2019\u00e9changes ne seront pas enregistr\u00e9es et ne feront l\u2019objet d\u2019aucune transmission \u00e0 des tiers.<br \/>\n<\/div><\/div><script>\n\t\t\t\t( function() {\n\t\t\t\t\tconst style = document.createElement( 'style' );\n\t\t\t\t\tstyle.appendChild( document.createTextNode( '#wpforms-6588-field_1-container { position: absolute !important; overflow: hidden !important; display: inline !important; height: 1px !important; width: 1px !important; z-index: -1000 !important; padding: 0 !important; } #wpforms-6588-field_1-container input { visibility: hidden; } #wpforms-conversational-form-page #wpforms-6588-field_1-container label { counter-increment: none; }' ) );\n\t\t\t\t\tdocument.head.appendChild( style );\n\t\t\t\t\tdocument.currentScript?.remove();\n\t\t\t\t} )();\n\t\t\t<\/script><\/div><!-- .wpforms-field-container --><div class=\"wpforms-recaptcha-container wpforms-is-recaptcha wpforms-is-recaptcha-type-v2\" ><div class=\"g-recaptcha\" data-sitekey=\"6Ldc5mYqAAAAAK9FC8HQTpFWZz33oO_FUBZSamJ4\"><\/div><input type=\"text\" name=\"g-recaptcha-hidden\" class=\"wpforms-recaptcha-hidden\" style=\"position:absolute!important;clip:rect(0,0,0,0)!important;height:1px!important;width:1px!important;border:0!important;overflow:hidden!important;padding:0!important;margin:0!important;\" data-rule-recaptcha=\"1\"><\/div><div class=\"wpforms-submit-container\" ><input type=\"hidden\" name=\"wpforms[id]\" value=\"6588\"><input type=\"hidden\" name=\"page_title\" value=\"\"><input type=\"hidden\" name=\"page_url\" value=\"https:\/\/anr82.fr\/index.php\/wp-json\/wp\/v2\/pages\/7985\"><input type=\"hidden\" name=\"url_referer\" value=\"\"><button type=\"submit\" name=\"wpforms[submit]\" id=\"wpforms-submit-6588\" class=\"wpforms-submit\" data-alt-text=\"Envoi en cours....\" data-submit-text=\"Envoyer votre demande\" aria-live=\"assertive\" value=\"wpforms-submit\">Envoyer votre demande<\/button><img loading=\"lazy\" decoding=\"async\" src=\"https:\/\/anr82.fr\/wp-content\/plugins\/wpforms-lite\/assets\/images\/submit-spin.svg\" class=\"wpforms-submit-spinner\" style=\"display: none;\" width=\"26\" height=\"26\" alt=\"Chargement en cours\"><\/div><\/form><\/div>  <!-- .wpforms-container --><\/div>\n<\/div><\/div>\n\n\n\n<div style=\"height:32px\" aria-hidden=\"true\" class=\"wp-block-spacer\"><\/div>\n","protected":false},"excerpt":{"rendered":"<p>Vous d\u00e9couvrez l&rsquo;ANR et souhaitez obtenir des informations sur notre association, son fonctionnement, ses activit\u00e9s, ses engagements&#8230;Vous \u00eates d\u00e9j\u00e0 adh\u00e9rent \u00e0 l&rsquo;ANR82 et avez besoin de renseignements ou de poser des questions&#8230;Vous rencontrez des probl\u00e8mes avec le fonctionnement du site, vous souhaitez signaler un dysfonctionnement, une erreur&#8230; Et pour toutes [&hellip;]<\/p>\n","protected":false},"author":2,"featured_media":0,"parent":0,"menu_order":0,"comment_status":"closed","ping_status":"closed","template":"page-templates\/template-fullwidth.php","meta":{"_bbp_topic_count":0,"_bbp_reply_count":0,"_bbp_total_topic_count":0,"_bbp_total_reply_count":0,"_bbp_voice_count":0,"_bbp_anonymous_reply_count":0,"_bbp_topic_count_hidden":0,"_bbp_reply_count_hidden":0,"_bbp_forum_subforum_count":0,"_themeisle_gutenberg_block_has_review":false,"footnotes":""},"class_list":["post-7985","page","type-page","status-publish","hentry"],"yoast_head":"<!-- This site is optimized with the Yoast SEO plugin v27.4 - https:\/\/yoast.com\/product\/yoast-seo-wordpress\/ -->\n<title>Formulaire de contact - Groupe Tarn &amp; Garonne<\/title>\n<meta name=\"robots\" content=\"index, follow, max-snippet:-1, max-image-preview:large, max-video-preview:-1\" \/>\n<link rel=\"canonical\" href=\"https:\/\/anr82.fr\/index.php\/formulaire-de-contact\/\" \/>\n<meta property=\"og:locale\" content=\"fr_FR\" \/>\n<meta property=\"og:type\" content=\"article\" \/>\n<meta property=\"og:title\" content=\"Formulaire de contact - Groupe Tarn &amp; Garonne\" \/>\n<meta property=\"og:description\" content=\"Vous d\u00e9couvrez l&rsquo;ANR et souhaitez obtenir des informations sur notre association, son fonctionnement, ses activit\u00e9s, ses engagements&#8230;Vous \u00eates d\u00e9j\u00e0 adh\u00e9rent \u00e0 l&rsquo;ANR82 et avez besoin de renseignements ou de poser des questions&#8230;Vous rencontrez des probl\u00e8mes avec le fonctionnement du site, vous souhaitez signaler un dysfonctionnement, une erreur&#8230; Et pour toutes [&hellip;]\" \/>\n<meta property=\"og:url\" content=\"https:\/\/anr82.fr\/index.php\/formulaire-de-contact\/\" \/>\n<meta property=\"og:site_name\" content=\"Groupe Tarn &amp; Garonne\" \/>\n<meta property=\"article:modified_time\" content=\"2025-11-09T19:44:12+00:00\" \/>\n<meta name=\"twitter:card\" content=\"summary_large_image\" \/>\n<meta name=\"twitter:label1\" content=\"Dur\u00e9e de lecture estim\u00e9e\" \/>\n\t<meta name=\"twitter:data1\" content=\"1 minute\" \/>\n<script type=\"application\/ld+json\" class=\"yoast-schema-graph\">{\"@context\":\"https:\\\/\\\/schema.org\",\"@graph\":[{\"@type\":\"WebPage\",\"@id\":\"https:\\\/\\\/anr82.fr\\\/index.php\\\/formulaire-de-contact\\\/\",\"url\":\"https:\\\/\\\/anr82.fr\\\/index.php\\\/formulaire-de-contact\\\/\",\"name\":\"Formulaire de contact - Groupe Tarn &amp; Garonne\",\"isPartOf\":{\"@id\":\"https:\\\/\\\/anr82.fr\\\/#website\"},\"datePublished\":\"2024-12-20T20:27:52+00:00\",\"dateModified\":\"2025-11-09T19:44:12+00:00\",\"breadcrumb\":{\"@id\":\"https:\\\/\\\/anr82.fr\\\/index.php\\\/formulaire-de-contact\\\/#breadcrumb\"},\"inLanguage\":\"fr-FR\",\"potentialAction\":[{\"@type\":\"ReadAction\",\"target\":[\"https:\\\/\\\/anr82.fr\\\/index.php\\\/formulaire-de-contact\\\/\"]}]},{\"@type\":\"BreadcrumbList\",\"@id\":\"https:\\\/\\\/anr82.fr\\\/index.php\\\/formulaire-de-contact\\\/#breadcrumb\",\"itemListElement\":[{\"@type\":\"ListItem\",\"position\":1,\"name\":\"Accueil\",\"item\":\"https:\\\/\\\/anr82.fr\\\/\"},{\"@type\":\"ListItem\",\"position\":2,\"name\":\"Formulaire de contact\"}]},{\"@type\":\"WebSite\",\"@id\":\"https:\\\/\\\/anr82.fr\\\/#website\",\"url\":\"https:\\\/\\\/anr82.fr\\\/\",\"name\":\"Groupe Tarn &amp; Garonne\",\"description\":\"Solidarit\u00e9, aide, convivialit\u00e9, partage...\",\"publisher\":{\"@id\":\"https:\\\/\\\/anr82.fr\\\/#organization\"},\"potentialAction\":[{\"@type\":\"SearchAction\",\"target\":{\"@type\":\"EntryPoint\",\"urlTemplate\":\"https:\\\/\\\/anr82.fr\\\/?s={search_term_string}\"},\"query-input\":{\"@type\":\"PropertyValueSpecification\",\"valueRequired\":true,\"valueName\":\"search_term_string\"}}],\"inLanguage\":\"fr-FR\"},{\"@type\":\"Organization\",\"@id\":\"https:\\\/\\\/anr82.fr\\\/#organization\",\"name\":\"Association Nationale de Retrait\u00e9s Groupe Tarn et Garonne\",\"url\":\"https:\\\/\\\/anr82.fr\\\/\",\"logo\":{\"@type\":\"ImageObject\",\"inLanguage\":\"fr-FR\",\"@id\":\"https:\\\/\\\/anr82.fr\\\/#\\\/schema\\\/logo\\\/image\\\/\",\"url\":\"https:\\\/\\\/anr82.fr\\\/wp-content\\\/uploads\\\/2020\\\/04\\\/cropped-Logo-ANR82-02-2.jpg\",\"contentUrl\":\"https:\\\/\\\/anr82.fr\\\/wp-content\\\/uploads\\\/2020\\\/04\\\/cropped-Logo-ANR82-02-2.jpg\",\"width\":500,\"height\":100,\"caption\":\"Association Nationale de Retrait\u00e9s Groupe Tarn et Garonne\"},\"image\":{\"@id\":\"https:\\\/\\\/anr82.fr\\\/#\\\/schema\\\/logo\\\/image\\\/\"}}]}<\/script>\n<!-- \/ Yoast SEO plugin. -->","yoast_head_json":{"title":"Formulaire de contact - Groupe Tarn &amp; Garonne","robots":{"index":"index","follow":"follow","max-snippet":"max-snippet:-1","max-image-preview":"max-image-preview:large","max-video-preview":"max-video-preview:-1"},"canonical":"https:\/\/anr82.fr\/index.php\/formulaire-de-contact\/","og_locale":"fr_FR","og_type":"article","og_title":"Formulaire de contact - Groupe Tarn &amp; Garonne","og_description":"Vous d\u00e9couvrez l&rsquo;ANR et souhaitez obtenir des informations sur notre association, son fonctionnement, ses activit\u00e9s, ses engagements&#8230;Vous \u00eates d\u00e9j\u00e0 adh\u00e9rent \u00e0 l&rsquo;ANR82 et avez besoin de renseignements ou de poser des questions&#8230;Vous rencontrez des probl\u00e8mes avec le fonctionnement du site, vous souhaitez signaler un dysfonctionnement, une erreur&#8230; Et pour toutes [&hellip;]","og_url":"https:\/\/anr82.fr\/index.php\/formulaire-de-contact\/","og_site_name":"Groupe Tarn &amp; Garonne","article_modified_time":"2025-11-09T19:44:12+00:00","twitter_card":"summary_large_image","twitter_misc":{"Dur\u00e9e de lecture estim\u00e9e":"1 minute"},"schema":{"@context":"https:\/\/schema.org","@graph":[{"@type":"WebPage","@id":"https:\/\/anr82.fr\/index.php\/formulaire-de-contact\/","url":"https:\/\/anr82.fr\/index.php\/formulaire-de-contact\/","name":"Formulaire de contact - Groupe Tarn &amp; Garonne","isPartOf":{"@id":"https:\/\/anr82.fr\/#website"},"datePublished":"2024-12-20T20:27:52+00:00","dateModified":"2025-11-09T19:44:12+00:00","breadcrumb":{"@id":"https:\/\/anr82.fr\/index.php\/formulaire-de-contact\/#breadcrumb"},"inLanguage":"fr-FR","potentialAction":[{"@type":"ReadAction","target":["https:\/\/anr82.fr\/index.php\/formulaire-de-contact\/"]}]},{"@type":"BreadcrumbList","@id":"https:\/\/anr82.fr\/index.php\/formulaire-de-contact\/#breadcrumb","itemListElement":[{"@type":"ListItem","position":1,"name":"Accueil","item":"https:\/\/anr82.fr\/"},{"@type":"ListItem","position":2,"name":"Formulaire de contact"}]},{"@type":"WebSite","@id":"https:\/\/anr82.fr\/#website","url":"https:\/\/anr82.fr\/","name":"Groupe Tarn &amp; Garonne","description":"Solidarit\u00e9, aide, convivialit\u00e9, partage...","publisher":{"@id":"https:\/\/anr82.fr\/#organization"},"potentialAction":[{"@type":"SearchAction","target":{"@type":"EntryPoint","urlTemplate":"https:\/\/anr82.fr\/?s={search_term_string}"},"query-input":{"@type":"PropertyValueSpecification","valueRequired":true,"valueName":"search_term_string"}}],"inLanguage":"fr-FR"},{"@type":"Organization","@id":"https:\/\/anr82.fr\/#organization","name":"Association Nationale de Retrait\u00e9s Groupe Tarn et Garonne","url":"https:\/\/anr82.fr\/","logo":{"@type":"ImageObject","inLanguage":"fr-FR","@id":"https:\/\/anr82.fr\/#\/schema\/logo\/image\/","url":"https:\/\/anr82.fr\/wp-content\/uploads\/2020\/04\/cropped-Logo-ANR82-02-2.jpg","contentUrl":"https:\/\/anr82.fr\/wp-content\/uploads\/2020\/04\/cropped-Logo-ANR82-02-2.jpg","width":500,"height":100,"caption":"Association Nationale de Retrait\u00e9s Groupe Tarn et Garonne"},"image":{"@id":"https:\/\/anr82.fr\/#\/schema\/logo\/image\/"}}]}},"_links":{"self":[{"href":"https:\/\/anr82.fr\/index.php\/wp-json\/wp\/v2\/pages\/7985","targetHints":{"allow":["GET"]}}],"collection":[{"href":"https:\/\/anr82.fr\/index.php\/wp-json\/wp\/v2\/pages"}],"about":[{"href":"https:\/\/anr82.fr\/index.php\/wp-json\/wp\/v2\/types\/page"}],"author":[{"embeddable":true,"href":"https:\/\/anr82.fr\/index.php\/wp-json\/wp\/v2\/users\/2"}],"replies":[{"embeddable":true,"href":"https:\/\/anr82.fr\/index.php\/wp-json\/wp\/v2\/comments?post=7985"}],"version-history":[{"count":13,"href":"https:\/\/anr82.fr\/index.php\/wp-json\/wp\/v2\/pages\/7985\/revisions"}],"predecessor-version":[{"id":11852,"href":"https:\/\/anr82.fr\/index.php\/wp-json\/wp\/v2\/pages\/7985\/revisions\/11852"}],"wp:attachment":[{"href":"https:\/\/anr82.fr\/index.php\/wp-json\/wp\/v2\/media?parent=7985"}],"curies":[{"name":"wp","href":"https:\/\/api.w.org\/{rel}","templated":true}]}}