{"id":9035,"date":"2025-01-30T21:34:53","date_gmt":"2025-01-30T20:34:53","guid":{"rendered":"https:\/\/anr82.fr\/?page_id=9035"},"modified":"2026-04-11T11:27:32","modified_gmt":"2026-04-11T09:27:32","slug":"galeries-photos","status":"publish","type":"page","link":"https:\/\/anr82.fr\/index.php\/galeries-photos\/","title":{"rendered":"Galeries photos"},"content":{"rendered":"<div class=\"ditty ditty--pre\" data-id=\"4482\" data-uniqid=\"ditty-69e5e254b466f\" data-display=\"6387\" data-display_settings=\"{}\" data-ajax_load=\"1\"><\/div>\n\n\n<div style=\"height:32px\" aria-hidden=\"true\" class=\"wp-block-spacer\"><\/div>\n\n\n\n<p class=\"has-background\" style=\"background-color:#fddcdc;font-style:normal;font-weight:200\">AVERTISSEMENT :<br><br>Dans le respect du <strong><a href=\"https:\/\/www.service-public.fr\/particuliers\/vosdroits\/F32103\" target=\"_blank\" rel=\"noreferrer noopener nofollow\">droit \u00e0 l&rsquo;image<\/a><\/strong>, les photos de ces galeries ne doivent pas \u00eatre diffus\u00e9es sur les r\u00e9seaux ou distribu\u00e9es \u00e0 des tiers <strong>sans avoir obtenu l&rsquo;accord de toutes les personnes pouvant \u00eatre identifi\u00e9es<\/strong> sur les clich\u00e9s. <br><br>Dans le cadre de cette loi, toute personne est en droit <strong>d&rsquo;autoriser ou de refuser la diffusion publique de son image<\/strong>. <br>Ainsi, l&rsquo;image \u00e9tant assimil\u00e9e \u00e0 une donn\u00e9e personnelle, <strong>toute personne peut en demander la suppression d&rsquo;un site internet<\/strong> : c&rsquo;est ce qu&rsquo;on appelle <strong>le droit \u00e0 l&rsquo;effacement ou droit \u00e0 l&rsquo;oubli<\/strong>.<\/p>\n\n\n\n<p style=\"font-style:normal;font-weight:200\">Pour toutes questions relatives \u00e0 la publication ou pour demander un retrait de photos sur le site de l&rsquo;ANR82, Groupe Tarn &amp; Garonne, merci d&rsquo;utiliser notre formulaire de contact disponible sur le site ou <strong><a href=\"https:\/\/anr82.fr\/index.php\/formulaire-de-contact\/\">en cliquant ici<\/a><\/strong>.<\/p>\n\n\n\n<p style=\"font-style:normal;font-weight:200\">Utilisez les boutons ci-dessous pour ouvrir la page correspondant \u00e0 l&rsquo;ann\u00e9e que vous souhaitez consulter.<\/p>\n\n\n\n<div style=\"height:32px\" aria-hidden=\"true\" class=\"wp-block-spacer\"><\/div>\n\n\n\n<div id=\"wp-block-themeisle-blocks-button-group-2a4a970e\" class=\"wp-block-themeisle-blocks-button-group wp-block-buttons align-center-desktop\">\n<div id=\"wp-block-themeisle-blocks-button-f4d52035\" class=\"wp-block-themeisle-blocks-button wp-block-button is-style-outline\"><a href=\"galerie_2024\" target=\"_self\" rel=\"noopener noreferrer\" class=\"wp-block-button__link\"><span>Galerie 2024<\/span><\/a><\/div>\n\n\n\n<div id=\"wp-block-themeisle-blocks-button-19d4c042\" class=\"wp-block-themeisle-blocks-button wp-block-button is-style-outline\"><a href=\"galerie_2025\" target=\"_self\" rel=\"noopener noreferrer\" class=\"wp-block-button__link\"><span>Galerie 2025<\/span><\/a><\/div>\n\n\n\n<div id=\"wp-block-themeisle-blocks-button-95973d9d\" class=\"wp-block-themeisle-blocks-button wp-block-button is-style-outline\"><a href=\"galerie_2026\" target=\"_self\" rel=\"noopener noreferrer\" class=\"wp-block-button__link\"><span>Galerie 2026<\/span><\/a><\/div>\n<\/div>\n\n\n\n<div style=\"height:24px\" aria-hidden=\"true\" class=\"wp-block-spacer\"><\/div>\n\n\n<div class=\"ditty ditty--pre\" data-id=\"4482\" data-uniqid=\"ditty-69e5e254b7104\" data-display=\"6387\" data-display_settings=\"{}\" data-ajax_load=\"1\"><\/div>\n\n\n<div style=\"height:48px\" aria-hidden=\"true\" class=\"wp-block-spacer\"><\/div>\n\n\n\n<p><\/p>\n","protected":false},"excerpt":{"rendered":"<p>AVERTISSEMENT : Dans le respect du droit \u00e0 l&rsquo;image, les photos de ces galeries ne doivent pas \u00eatre diffus\u00e9es sur les r\u00e9seaux ou distribu\u00e9es \u00e0 des tiers sans avoir obtenu l&rsquo;accord de toutes les personnes pouvant \u00eatre identifi\u00e9es sur les clich\u00e9s. Dans le cadre de cette loi, toute personne est [&hellip;]<\/p>\n","protected":false},"author":2,"featured_media":0,"parent":0,"menu_order":0,"comment_status":"closed","ping_status":"closed","template":"page-templates\/template-fullwidth.php","meta":{"_bbp_topic_count":0,"_bbp_reply_count":0,"_bbp_total_topic_count":0,"_bbp_total_reply_count":0,"_bbp_voice_count":0,"_bbp_anonymous_reply_count":0,"_bbp_topic_count_hidden":0,"_bbp_reply_count_hidden":0,"_bbp_forum_subforum_count":0,"_themeisle_gutenberg_block_has_review":false,"footnotes":""},"class_list":["post-9035","page","type-page","status-publish","hentry"],"yoast_head":"<!-- This site is optimized with the Yoast SEO plugin v27.4 - https:\/\/yoast.com\/product\/yoast-seo-wordpress\/ -->\n<title>Galeries photos - Groupe Tarn &amp; Garonne<\/title>\n<meta name=\"robots\" content=\"index, follow, max-snippet:-1, max-image-preview:large, max-video-preview:-1\" \/>\n<link rel=\"canonical\" href=\"https:\/\/anr82.fr\/index.php\/galeries-photos\/\" \/>\n<meta property=\"og:locale\" content=\"fr_FR\" \/>\n<meta property=\"og:type\" content=\"article\" \/>\n<meta property=\"og:title\" content=\"Galeries photos - Groupe Tarn &amp; Garonne\" \/>\n<meta property=\"og:description\" content=\"AVERTISSEMENT : Dans le respect du droit \u00e0 l&rsquo;image, les photos de ces galeries ne doivent pas \u00eatre diffus\u00e9es sur les r\u00e9seaux ou distribu\u00e9es \u00e0 des tiers sans avoir obtenu l&rsquo;accord de toutes les personnes pouvant \u00eatre identifi\u00e9es sur les clich\u00e9s. Dans le cadre de cette loi, toute personne est [&hellip;]\" \/>\n<meta property=\"og:url\" content=\"https:\/\/anr82.fr\/index.php\/galeries-photos\/\" \/>\n<meta property=\"og:site_name\" content=\"Groupe Tarn &amp; Garonne\" \/>\n<meta property=\"article:modified_time\" content=\"2026-04-11T09:27:32+00:00\" \/>\n<meta name=\"twitter:card\" content=\"summary_large_image\" \/>\n<meta name=\"twitter:label1\" content=\"Dur\u00e9e de lecture estim\u00e9e\" \/>\n\t<meta name=\"twitter:data1\" content=\"1 minute\" \/>\n<script type=\"application\/ld+json\" class=\"yoast-schema-graph\">{\"@context\":\"https:\\\/\\\/schema.org\",\"@graph\":[{\"@type\":\"WebPage\",\"@id\":\"https:\\\/\\\/anr82.fr\\\/index.php\\\/galeries-photos\\\/\",\"url\":\"https:\\\/\\\/anr82.fr\\\/index.php\\\/galeries-photos\\\/\",\"name\":\"Galeries photos - Groupe Tarn &amp; Garonne\",\"isPartOf\":{\"@id\":\"https:\\\/\\\/anr82.fr\\\/#website\"},\"datePublished\":\"2025-01-30T20:34:53+00:00\",\"dateModified\":\"2026-04-11T09:27:32+00:00\",\"breadcrumb\":{\"@id\":\"https:\\\/\\\/anr82.fr\\\/index.php\\\/galeries-photos\\\/#breadcrumb\"},\"inLanguage\":\"fr-FR\",\"potentialAction\":[{\"@type\":\"ReadAction\",\"target\":[\"https:\\\/\\\/anr82.fr\\\/index.php\\\/galeries-photos\\\/\"]}]},{\"@type\":\"BreadcrumbList\",\"@id\":\"https:\\\/\\\/anr82.fr\\\/index.php\\\/galeries-photos\\\/#breadcrumb\",\"itemListElement\":[{\"@type\":\"ListItem\",\"position\":1,\"name\":\"Accueil\",\"item\":\"https:\\\/\\\/anr82.fr\\\/\"},{\"@type\":\"ListItem\",\"position\":2,\"name\":\"Galeries photos\"}]},{\"@type\":\"WebSite\",\"@id\":\"https:\\\/\\\/anr82.fr\\\/#website\",\"url\":\"https:\\\/\\\/anr82.fr\\\/\",\"name\":\"Groupe Tarn &amp; Garonne\",\"description\":\"Solidarit\u00e9, aide, convivialit\u00e9, partage...\",\"publisher\":{\"@id\":\"https:\\\/\\\/anr82.fr\\\/#organization\"},\"potentialAction\":[{\"@type\":\"SearchAction\",\"target\":{\"@type\":\"EntryPoint\",\"urlTemplate\":\"https:\\\/\\\/anr82.fr\\\/?s={search_term_string}\"},\"query-input\":{\"@type\":\"PropertyValueSpecification\",\"valueRequired\":true,\"valueName\":\"search_term_string\"}}],\"inLanguage\":\"fr-FR\"},{\"@type\":\"Organization\",\"@id\":\"https:\\\/\\\/anr82.fr\\\/#organization\",\"name\":\"Association Nationale de Retrait\u00e9s Groupe Tarn et Garonne\",\"url\":\"https:\\\/\\\/anr82.fr\\\/\",\"logo\":{\"@type\":\"ImageObject\",\"inLanguage\":\"fr-FR\",\"@id\":\"https:\\\/\\\/anr82.fr\\\/#\\\/schema\\\/logo\\\/image\\\/\",\"url\":\"https:\\\/\\\/anr82.fr\\\/wp-content\\\/uploads\\\/2020\\\/04\\\/cropped-Logo-ANR82-02-2.jpg\",\"contentUrl\":\"https:\\\/\\\/anr82.fr\\\/wp-content\\\/uploads\\\/2020\\\/04\\\/cropped-Logo-ANR82-02-2.jpg\",\"width\":500,\"height\":100,\"caption\":\"Association Nationale de Retrait\u00e9s Groupe Tarn et Garonne\"},\"image\":{\"@id\":\"https:\\\/\\\/anr82.fr\\\/#\\\/schema\\\/logo\\\/image\\\/\"}}]}<\/script>\n<!-- \/ Yoast SEO plugin. -->","yoast_head_json":{"title":"Galeries photos - Groupe Tarn &amp; Garonne","robots":{"index":"index","follow":"follow","max-snippet":"max-snippet:-1","max-image-preview":"max-image-preview:large","max-video-preview":"max-video-preview:-1"},"canonical":"https:\/\/anr82.fr\/index.php\/galeries-photos\/","og_locale":"fr_FR","og_type":"article","og_title":"Galeries photos - Groupe Tarn &amp; Garonne","og_description":"AVERTISSEMENT : Dans le respect du droit \u00e0 l&rsquo;image, les photos de ces galeries ne doivent pas \u00eatre diffus\u00e9es sur les r\u00e9seaux ou distribu\u00e9es \u00e0 des tiers sans avoir obtenu l&rsquo;accord de toutes les personnes pouvant \u00eatre identifi\u00e9es sur les clich\u00e9s. Dans le cadre de cette loi, toute personne est [&hellip;]","og_url":"https:\/\/anr82.fr\/index.php\/galeries-photos\/","og_site_name":"Groupe Tarn &amp; Garonne","article_modified_time":"2026-04-11T09:27:32+00:00","twitter_card":"summary_large_image","twitter_misc":{"Dur\u00e9e de lecture estim\u00e9e":"1 minute"},"schema":{"@context":"https:\/\/schema.org","@graph":[{"@type":"WebPage","@id":"https:\/\/anr82.fr\/index.php\/galeries-photos\/","url":"https:\/\/anr82.fr\/index.php\/galeries-photos\/","name":"Galeries photos - Groupe Tarn &amp; Garonne","isPartOf":{"@id":"https:\/\/anr82.fr\/#website"},"datePublished":"2025-01-30T20:34:53+00:00","dateModified":"2026-04-11T09:27:32+00:00","breadcrumb":{"@id":"https:\/\/anr82.fr\/index.php\/galeries-photos\/#breadcrumb"},"inLanguage":"fr-FR","potentialAction":[{"@type":"ReadAction","target":["https:\/\/anr82.fr\/index.php\/galeries-photos\/"]}]},{"@type":"BreadcrumbList","@id":"https:\/\/anr82.fr\/index.php\/galeries-photos\/#breadcrumb","itemListElement":[{"@type":"ListItem","position":1,"name":"Accueil","item":"https:\/\/anr82.fr\/"},{"@type":"ListItem","position":2,"name":"Galeries photos"}]},{"@type":"WebSite","@id":"https:\/\/anr82.fr\/#website","url":"https:\/\/anr82.fr\/","name":"Groupe Tarn &amp; Garonne","description":"Solidarit\u00e9, aide, convivialit\u00e9, partage...","publisher":{"@id":"https:\/\/anr82.fr\/#organization"},"potentialAction":[{"@type":"SearchAction","target":{"@type":"EntryPoint","urlTemplate":"https:\/\/anr82.fr\/?s={search_term_string}"},"query-input":{"@type":"PropertyValueSpecification","valueRequired":true,"valueName":"search_term_string"}}],"inLanguage":"fr-FR"},{"@type":"Organization","@id":"https:\/\/anr82.fr\/#organization","name":"Association Nationale de Retrait\u00e9s Groupe Tarn et Garonne","url":"https:\/\/anr82.fr\/","logo":{"@type":"ImageObject","inLanguage":"fr-FR","@id":"https:\/\/anr82.fr\/#\/schema\/logo\/image\/","url":"https:\/\/anr82.fr\/wp-content\/uploads\/2020\/04\/cropped-Logo-ANR82-02-2.jpg","contentUrl":"https:\/\/anr82.fr\/wp-content\/uploads\/2020\/04\/cropped-Logo-ANR82-02-2.jpg","width":500,"height":100,"caption":"Association Nationale de Retrait\u00e9s Groupe Tarn et Garonne"},"image":{"@id":"https:\/\/anr82.fr\/#\/schema\/logo\/image\/"}}]}},"_links":{"self":[{"href":"https:\/\/anr82.fr\/index.php\/wp-json\/wp\/v2\/pages\/9035","targetHints":{"allow":["GET"]}}],"collection":[{"href":"https:\/\/anr82.fr\/index.php\/wp-json\/wp\/v2\/pages"}],"about":[{"href":"https:\/\/anr82.fr\/index.php\/wp-json\/wp\/v2\/types\/page"}],"author":[{"embeddable":true,"href":"https:\/\/anr82.fr\/index.php\/wp-json\/wp\/v2\/users\/2"}],"replies":[{"embeddable":true,"href":"https:\/\/anr82.fr\/index.php\/wp-json\/wp\/v2\/comments?post=9035"}],"version-history":[{"count":46,"href":"https:\/\/anr82.fr\/index.php\/wp-json\/wp\/v2\/pages\/9035\/revisions"}],"predecessor-version":[{"id":12391,"href":"https:\/\/anr82.fr\/index.php\/wp-json\/wp\/v2\/pages\/9035\/revisions\/12391"}],"wp:attachment":[{"href":"https:\/\/anr82.fr\/index.php\/wp-json\/wp\/v2\/media?parent=9035"}],"curies":[{"name":"wp","href":"https:\/\/api.w.org\/{rel}","templated":true}]}}